{"id":113,"date":"2013-12-17T07:42:24","date_gmt":"2013-12-17T06:42:24","guid":{"rendered":"http:\/\/www.selcom.hr\/wpss\/?page_id=113"},"modified":"2016-03-03T15:27:01","modified_gmt":"2016-03-03T14:27:01","slug":"vizualni-identitet","status":"publish","type":"page","link":"https:\/\/www.selcom.hr\/wpss\/?page_id=113","title":{"rendered":"Vizualni identitet"},"content":{"rendered":"<p style=\"text-align: justify;\">\n<p>U moru konkurencije na tr\u017ei\u0161tu svakoj tvrtki, a naro\u010dito malim tvrtkama na tr\u017ei\u0161tu nu\u017ean je na\u010din kako se istaknuti. <strong>Vizualni identitet<\/strong><b>\u00a0<\/b>tvrtke je ono \u0161to \u0107e ostaviti prvi dojam na klijente i Va\u0161e partnere.<br \/>\nKako bismo vam omogu\u0107ili isto, nudimo vam paket usluga kojim \u0107ete se izdvojiti na tr\u017ei\u0161tu i ste\u0107i vizualnu prepoznatljivost:<br \/>\n\u2022\u00a0\u00a0\u00a0 izradu logotipa<br \/>\n\u2022\u00a0\u00a0\u00a0 definiranje specifi\u010dnih boja<br \/>\n\u2022\u00a0\u00a0\u00a0 definiranje specifi\u010dne tipografije<br \/>\n\u2022\u00a0\u00a0\u00a0 izradu negativa logotipa<br \/>\n\u2022\u00a0\u00a0\u00a0 izrade knjige standarda koja uklju\u010duje: izradu posjetnica, koverti i memoranduma, e-mail signature, te Powerpoint i Word predlo\u017eaka.<\/p>\n<p>&nbsp;<\/p>\n","protected":false},"excerpt":{"rendered":"<p>U moru konkurencije na tr\u017ei\u0161tu svakoj tvrtki, a naro\u010dito malim tvrtkama na tr\u017ei\u0161tu nu\u017ean je na\u010din kako se istaknuti. Vizualni identitet\u00a0tvrtke je ono \u0161to \u0107e ostaviti prvi dojam na klijente i Va\u0161e partnere. Kako bismo vam omogu\u0107ili isto, nudimo vam paket usluga kojim \u0107ete se izdvojiti na tr\u017ei\u0161tu i ste\u0107i vizualnu prepoznatljivost: \u2022\u00a0\u00a0\u00a0 izradu logotipa&hellip; <br \/> <a class=\"button small blue\" href=\"https:\/\/www.selcom.hr\/wpss\/?page_id=113\">Read more<\/a><\/p>\n","protected":false},"author":1,"featured_media":0,"parent":107,"menu_order":0,"comment_status":"closed","ping_status":"closed","template":"","meta":{"footnotes":""},"_links":{"self":[{"href":"https:\/\/www.selcom.hr\/wpss\/index.php?rest_route=\/wp\/v2\/pages\/113"}],"collection":[{"href":"https:\/\/www.selcom.hr\/wpss\/index.php?rest_route=\/wp\/v2\/pages"}],"about":[{"href":"https:\/\/www.selcom.hr\/wpss\/index.php?rest_route=\/wp\/v2\/types\/page"}],"author":[{"embeddable":true,"href":"https:\/\/www.selcom.hr\/wpss\/index.php?rest_route=\/wp\/v2\/users\/1"}],"replies":[{"embeddable":true,"href":"https:\/\/www.selcom.hr\/wpss\/index.php?rest_route=%2Fwp%2Fv2%2Fcomments&post=113"}],"version-history":[{"count":3,"href":"https:\/\/www.selcom.hr\/wpss\/index.php?rest_route=\/wp\/v2\/pages\/113\/revisions"}],"predecessor-version":[{"id":295,"href":"https:\/\/www.selcom.hr\/wpss\/index.php?rest_route=\/wp\/v2\/pages\/113\/revisions\/295"}],"up":[{"embeddable":true,"href":"https:\/\/www.selcom.hr\/wpss\/index.php?rest_route=\/wp\/v2\/pages\/107"}],"wp:attachment":[{"href":"https:\/\/www.selcom.hr\/wpss\/index.php?rest_route=%2Fwp%2Fv2%2Fmedia&parent=113"}],"curies":[{"name":"wp","href":"https:\/\/api.w.org\/{rel}","templated":true}]}}