{"id":26,"date":"2016-02-01T10:00:10","date_gmt":"2016-02-01T09:00:10","guid":{"rendered":"http:\/\/www.selcom.hr\/wpss\/?page_id=26"},"modified":"2023-05-11T14:30:06","modified_gmt":"2023-05-11T12:30:06","slug":"nove-verzije","status":"publish","type":"page","link":"https:\/\/www.selcom.hr\/wpss\/?page_id=26","title":{"rendered":"Nove verzije"},"content":{"rendered":"\n<figure class=\"wp-block-table\"><table><tbody><tr><td><a href=\"http:\/\/selcom.hr\/dnld\/Patch23.exe\">OSKAR 2023 &#8211; Zakrpa 3 (Nova Xml schema PDV obrasca)<\/a><\/td><\/tr><tr><td><a href=\"http:\/\/selcom.hr\/dnld\/Patch23XP.exe\">OSKAR 2023 &#8211; Zakrpa 3 (Nova Xml schema PDV obrasca) &#8211; SAMO ZA KORISNIKE KOJI KORISTE RUNTIME 2002 ILI NOVIJI!!<\/a><\/td><\/tr><tr><td><a href=\"http:\/\/selcom.hr\/dnld\/OskInst23.exe\">OSKAR 2023 &#8211; Otvaranje nove poslovne godine 2023<\/a><\/td><\/tr><tr><td><a href=\"http:\/\/selcom.hr\/dnld\/OskInst23XP.exe\">OSKAR 2023 &#8211; Otvaranje nove poslovne godine 2023 &#8211; SAMO ZA KORISNIKE KOJI KORISTE RUNTIME 2002 ILI NOVIJI!!<\/a><\/td><\/tr><tr><td><a href=\"http:\/\/selcom.hr\/dnld\/Patch22.exe\">OSKAR 2022 &#8211; Zakrpa 5 (Dvostruko iskazivanje cijena)<\/a><\/td><\/tr><tr><td><a href=\"http:\/\/selcom.hr\/dnld\/Patch22XP.exe\">OSKAR 2022 &#8211; Zakrpa 5 (Dvostruko iskazivanje cijena) &#8211; SAMO ZA KORISNIKE KOJI KORISTE RUNTIME 2002 ILI NOVIJI!!<\/a><\/td><\/tr><tr><td><a href=\"http:\/\/selcom.hr\/dnld\/Patch21.exe\">OSKAR 2021 &#8211; Zakrpa 11 (eRa\u010dun-i &#8211; poslovne jedinice, dodatni opis na IOS-ima, pregled i a\u017eurirnje TO obrasca, novi SEPA \u0161ifrarnik )<\/a><\/td><\/tr><tr><td><a href=\"http:\/\/selcom.hr\/dnld\/Patch21XP.exe\">OSKAR 2021 &#8211; Zakrpa 11 (eRa\u010dun-i &#8211; poslovne jedinice, dodatni opis na IOS-ima, pregled i a\u017eurirnje TO obrasca, novi SEPA \u0161ifrarnik) &#8211; SAMO ZA KORISNIKE KOJI KORISTE RUNTIME 2002 ILI NOVIJI!!)<\/a><\/td><\/tr><tr><td><a href=\"http:\/\/selcom.hr\/dnld\/Fina.zip\">Novi FINA Root certifikati (od 10.06.2016)<\/a><\/td><\/tr><tr><td><a href=\"http:\/\/selcom.hr\/dnld\/Uputa.pdf\">Upute za instalaciju novog FINA Root certifikata (od 10.06.2016)<\/a><\/td><\/tr><tr><td><a href=\"http:\/\/selcom.hr\/dnld\/Opz_upute.doc\">Upute za kori\u0161tenje OPZ-STAT-1 obrasca<\/a><\/td><\/tr><tr><td><a href=\"http:\/\/selcom.hr\/dnld\/Obracun_Pdv.doc\">Upute za obra\u010dun Pdv-a prema napla\u0107enim naknadama<\/a><\/td><\/tr><tr><td><a href=\"http:\/\/selcom.hr\/dnld\/JOPPDVid.wmv\">Kako koristiti JOPPD obrazac &#8211; film<\/a><\/td><\/tr><tr><td><a href=\"http:\/\/selcom.hr\/dnld\/rt.exe\">Runtime RT<\/a><\/td><\/tr><tr><td><a href=\"http:\/\/selcom.hr\/dnld\/rtXp.zip\">Runtime RT Access 2002<\/a><\/td><\/tr><tr><td><a href=\"http:\/\/selcom.hr\/dnld\/ShowMyPC.exe\">RD<\/a><\/td><\/tr><tr><td><a href=\"http:\/\/selcom.hr\/dnld\/Kasa_upute.pdf\">Upute za program &#8220;KASA&#8221;<\/a><\/td><\/tr><tr><td><a href=\"http:\/\/selcom.hr\/oskar_upute.pdf\">Upute za program &#8220;OSKAR&#8221;<\/a><\/td><\/tr><tr><td><a href=\"http:\/\/selcom.hr\/dnld\/UpdWin8.zip\">Update starih verzija za Win 8 2009-2013<\/a><\/td><\/tr><tr><td><a href=\"http:\/\/selcom.hr\/dnld\/UpdWin80208.zip\">Update starih verzija za Win 8 2002-2008<\/a><\/td><\/tr><tr><td><a href=\"http:\/\/selcom.hr\/dnld\/UpdWin8XP.zip\">Update starih verzija za Win 8 2009-2013 za Office 2002\/03<\/a><\/td><\/tr><tr><td><a href=\"http:\/\/selcom.hr\/dnld\/PDF123.exe\">PDF Creator<\/a><\/td><\/tr><tr><td><a href=\"http:\/\/selcom.hr\/dnld\/7z920-x64.msi\">7 Zip 64B OS<\/a><\/td><\/tr><tr><td><a href=\"http:\/\/selcom.hr\/dnld\/AClient.zip\">Active Client<\/a><\/td><\/tr><tr><td><a href=\"http:\/\/selcom.hr\/dnld\/korisnicke_ppp.pdf\">Korisni\u010dke upute &#8211; prijava poslovnog prostora<\/a><\/td><\/tr><tr><td><a href=\"http:\/\/selcom.hr\/dnld\/TeamViewerPortable.zip\">TVP (U slu\u010daju kori\u0161tenja programa u poslovne svrhe, potrebno je imati licencu!)<\/a><\/td><\/tr><tr><td><a href=\"http:\/\/selcom.hr\/dnld\/OskPatchRNalXP.zip\">Zoky zakrpa<\/a><\/td><\/tr><tr><td><a href=\"http:\/\/selcom.hr\/dnld\/Trg.zip\">Kasa CijX2<\/a><\/td><\/tr><tr><td><a href=\"http:\/\/selcom.hr\/dnld\/TrgXP.zip\">Kasa XP CijX2<\/a><\/td><\/tr><tr><td><a href=\"http:\/\/selcom.hr\/dnld\/Servis.zip\">Servis CijX2<\/a><\/td><\/tr><tr><td><a href=\"http:\/\/selcom.hr\/dnld\/TrgInst23.exe\">Otvaranje nove poslovne godine 2023 &#8211; Kasa<\/a><\/td><\/tr><tr><td><a href=\"http:\/\/selcom.hr\/dnld\/TrgInst23XP.exe\">Otvaranje nove poslovne godine 2023 &#8211; Kasa &#8211; SAMO ZA KORISNIKE KOJI KORISTE RUNTIME 2002 ILI NOVIJI!!<\/a><\/td><\/tr><\/tbody><\/table><\/figure>\n","protected":false},"excerpt":{"rendered":"<p>OSKAR 2023 &#8211; Zakrpa 3 (Nova Xml schema PDV obrasca) OSKAR 2023 &#8211; Zakrpa 3 (Nova Xml schema PDV obrasca) &#8211; SAMO ZA KORISNIKE KOJI KORISTE RUNTIME 2002 ILI NOVIJI!! OSKAR 2023 &#8211; Otvaranje nove poslovne godine 2023 OSKAR 2023 &#8211; Otvaranje nove poslovne godine 2023 &#8211; SAMO ZA KORISNIKE KOJI KORISTE RUNTIME 2002 ILI&hellip; <br \/> <a class=\"button small blue\" href=\"https:\/\/www.selcom.hr\/wpss\/?page_id=26\">Read more<\/a><\/p>\n","protected":false},"author":1,"featured_media":0,"parent":5,"menu_order":4,"comment_status":"closed","ping_status":"closed","template":"","meta":{"footnotes":""},"_links":{"self":[{"href":"https:\/\/www.selcom.hr\/wpss\/index.php?rest_route=\/wp\/v2\/pages\/26"}],"collection":[{"href":"https:\/\/www.selcom.hr\/wpss\/index.php?rest_route=\/wp\/v2\/pages"}],"about":[{"href":"https:\/\/www.selcom.hr\/wpss\/index.php?rest_route=\/wp\/v2\/types\/page"}],"author":[{"embeddable":true,"href":"https:\/\/www.selcom.hr\/wpss\/index.php?rest_route=\/wp\/v2\/users\/1"}],"replies":[{"embeddable":true,"href":"https:\/\/www.selcom.hr\/wpss\/index.php?rest_route=%2Fwp%2Fv2%2Fcomments&post=26"}],"version-history":[{"count":59,"href":"https:\/\/www.selcom.hr\/wpss\/index.php?rest_route=\/wp\/v2\/pages\/26\/revisions"}],"predecessor-version":[{"id":752,"href":"https:\/\/www.selcom.hr\/wpss\/index.php?rest_route=\/wp\/v2\/pages\/26\/revisions\/752"}],"up":[{"embeddable":true,"href":"https:\/\/www.selcom.hr\/wpss\/index.php?rest_route=\/wp\/v2\/pages\/5"}],"wp:attachment":[{"href":"https:\/\/www.selcom.hr\/wpss\/index.php?rest_route=%2Fwp%2Fv2%2Fmedia&parent=26"}],"curies":[{"name":"wp","href":"https:\/\/api.w.org\/{rel}","templated":true}]}}