{"id":265,"date":"2018-05-11T17:47:46","date_gmt":"2018-05-11T15:47:46","guid":{"rendered":"http:\/\/www.selcom.hr\/wpss\/?page_id=265"},"modified":"2018-05-11T18:34:47","modified_gmt":"2018-05-11T16:34:47","slug":"265-2","status":"publish","type":"page","link":"https:\/\/www.selcom.hr\/wpss\/?page_id=265","title":{"rendered":"Op\u0107a uredba o za\u0161titi osobnih podataka"},"content":{"rendered":"<p align=\"Justify\">Po\u0161tovani,<br \/>\nOd 25. svibnja 2018.godine u Republici Hrvatskoj je u primjeni Op\u0107a uredba o za\u0161titi podataka (GDPR) koja predstavlja napredak u podru\u010dju za\u0161tite osobnih podataka. Va\u0161i podaci koji se pohranjuju u na\u0161em programskom rje\u0161enju smatraju se posebno osjetljivim podacima i na njih se mora obratiti posebna pozornost.<\/p>\n<p align=\"Justify\">Sukladno uredbi, donijeli smo Politiku za\u0161tite osobnih podataka u tvrtci SELCOM d.o.o. Bjelovar \u2013 OIB 67924327399. Na\u0161a politika za\u0161tite osobnih podataka dostupna je na <a href=\"http:\/\/www.selcom.hr\/wpss\/?page_id=269\">www.selcom.hr<\/a> \u00a0te Vas molimo da se dodatno informirate o svojim pravima, kao\u00a0 i svim\u00a0 standardima za\u0161tite privatnosti koje Selcom d.o.o.\u00a0 uvodi u svoje poslovanje.<\/p>\n<p align=\"Justify\">Selcom d.o.o. prikuplja i obra\u0111uje osobne podatke s ciljem ugovaranja usluge i uspostavljanja poslovnog odnosa, ispunjenja ugovornih obveza.<\/p>\n<p align=\"Justify\">Op\u0107a uredba o za\u0161titi podataka\u00a0 pru\u017ea priliku da postoje\u0107e povjerenje jo\u0161 bolje u\u010dvrstimo i obostrano unaprijedimo.<\/p>\n<p align=\"Justify\">Pozivamo Vas da nam pisano date svoju privolu na na\u0161u Politiku o za\u0161titi osobnih podataka koje obra\u0111ujemo prema ugovoru. Svojim \u017eigom i potpisom ovog pismena prihva\u0107ate na\u0161u Politiku o za\u0161titi osobnih podataka.<\/p>\n<p align=\"Justify\">Ovjereni primjerak ovog pismena mo\u017eete vratiti po\u0161tom na gornju adresu, \u00a0na na\u0161u\u00a0 e-mail adresu<strong>: <\/strong><a href=\"mailto:selcombj@gmail.com\">selcombj@gmail.com<\/a> ili osobno u prostorijama Ureda Selcom d.o.o. najkasnije do stupanja na snagu Op\u0107e uredbe o za\u0161titi podataka dana 25.05.2018. godine.<\/p>\n<p align=\"Justify\">U slu\u010daju da ne dajete privolu na na\u0161u Politiku o za\u0161titi osobnih podataka ne\u0107emo biti u mogu\u0107nosti ni\u0161ta raditi na Va\u0161im ra\u010dunalima.<\/p>\n<p>Za eventualne dodatne informacije obratite se na telefone:<br \/>\n<strong>043\/241-830, 091\/1340-<\/strong>602\u00a0 ili na \u00a0e-mail <a href=\"mailto:selcombj@gmail.com\">selcombj@gmail.com<\/a><\/p>\n<p style=\"text-align: left;\">Bjelovar, 10.05.2018.<\/p>\n<p align=\"Justify\">Ukoliko ovaj dokument niste dobili po\u0161tom, isti mo\u017eete preuzeti <a href=\"http:\/\/selcom.hr\/ozpo.pdf\">ovdje<\/a> i dostaviti ga na gornje adrese.<\/p>\n","protected":false},"excerpt":{"rendered":"<p>Po\u0161tovani, Od 25. svibnja 2018.godine u Republici Hrvatskoj je u primjeni Op\u0107a uredba o za\u0161titi podataka (GDPR) koja predstavlja napredak u podru\u010dju za\u0161tite osobnih podataka. Va\u0161i podaci koji se pohranjuju u na\u0161em programskom rje\u0161enju smatraju se posebno osjetljivim podacima i na njih se mora obratiti posebna pozornost. Sukladno uredbi, donijeli smo Politiku za\u0161tite osobnih podataka&hellip; <br \/> <a class=\"button small blue\" href=\"https:\/\/www.selcom.hr\/wpss\/?page_id=265\">Read more<\/a><\/p>\n","protected":false},"author":1,"featured_media":0,"parent":105,"menu_order":0,"comment_status":"closed","ping_status":"closed","template":"","meta":{"footnotes":""},"_links":{"self":[{"href":"https:\/\/www.selcom.hr\/wpss\/index.php?rest_route=\/wp\/v2\/pages\/265"}],"collection":[{"href":"https:\/\/www.selcom.hr\/wpss\/index.php?rest_route=\/wp\/v2\/pages"}],"about":[{"href":"https:\/\/www.selcom.hr\/wpss\/index.php?rest_route=\/wp\/v2\/types\/page"}],"author":[{"embeddable":true,"href":"https:\/\/www.selcom.hr\/wpss\/index.php?rest_route=\/wp\/v2\/users\/1"}],"replies":[{"embeddable":true,"href":"https:\/\/www.selcom.hr\/wpss\/index.php?rest_route=%2Fwp%2Fv2%2Fcomments&post=265"}],"version-history":[{"count":11,"href":"https:\/\/www.selcom.hr\/wpss\/index.php?rest_route=\/wp\/v2\/pages\/265\/revisions"}],"predecessor-version":[{"id":572,"href":"https:\/\/www.selcom.hr\/wpss\/index.php?rest_route=\/wp\/v2\/pages\/265\/revisions\/572"}],"up":[{"embeddable":true,"href":"https:\/\/www.selcom.hr\/wpss\/index.php?rest_route=\/wp\/v2\/pages\/105"}],"wp:attachment":[{"href":"https:\/\/www.selcom.hr\/wpss\/index.php?rest_route=%2Fwp%2Fv2%2Fmedia&parent=265"}],"curies":[{"name":"wp","href":"https:\/\/api.w.org\/{rel}","templated":true}]}}