{"id":5,"date":"2012-01-03T23:49:50","date_gmt":"2012-01-03T22:49:50","guid":{"rendered":"http:\/\/www.selcom.hr\/wpss\/?page_id=5"},"modified":"2013-12-25T15:17:36","modified_gmt":"2013-12-25T14:17:36","slug":"oskar","status":"publish","type":"page","link":"https:\/\/www.selcom.hr\/wpss\/?page_id=5","title":{"rendered":"Oskar"},"content":{"rendered":"<p>&nbsp;<\/p>\n<p style=\"text-align: justify;\">OSKAR je visoko integrirani program je plod dugogodi\u0161njeg upijanja zahtjeva korisnika i postepenog prilago\u0111avanja potrebama tr\u017ei\u0161ta. Program je u potpunosti modularan i mogu\u0107e ga je prilagoditi individualnim potrebama svakog korisnika.<\/p>\n<p style=\"text-align: justify;\">Kori\u0161tenje programa za optimizaciju procesa u svakodnevnom poslovanju jednako je va\u017eno kako knjigovodstvenim, tako i drugim tvrtkama kako bi pospje\u0161ile svoj uspjeh. Iz tog razloga investicija u savr\u0161eno automatiziran, kvalitetan i pouzdan program poput OSKAR programa je od visoke va\u017enosti.<\/p>\n<p style=\"text-align: justify;\">Od samih po\u010detaka OSKAR je stvaran pod budnim okom stru\u010dnjaka s dugogodi\u0161njim iskustvom rada u knjigovodstvu kako bi u potpunosti bio prilago\u0111en radu korisnika.<\/p>\n<p style=\"text-align: justify;\">Naj\u010de\u0161\u0107i korisnici programa OSKAR su knjigovodstveni servisi s dugogodi\u0161njim iskustvom koji tra\u017ee jednostavnost i brzinu u realizaciji procesa poslovanja, no obzirom na modularnost samog programa mogu\u0107e ga je prilagoditi i drugim djelatnostima prema \u017eelji korisnika.<\/p>\n<p>OSKAR im to omogu\u0107uje.<\/p>\n<p>&nbsp;<\/p>\n","protected":false},"excerpt":{"rendered":"<p>&nbsp; OSKAR je visoko integrirani program je plod dugogodi\u0161njeg upijanja zahtjeva korisnika i postepenog prilago\u0111avanja potrebama tr\u017ei\u0161ta. Program je u potpunosti modularan i mogu\u0107e ga je prilagoditi individualnim potrebama svakog korisnika. Kori\u0161tenje programa za optimizaciju procesa u svakodnevnom poslovanju jednako je va\u017eno kako knjigovodstvenim, tako i drugim tvrtkama kako bi pospje\u0161ile svoj uspjeh. Iz tog&hellip; <br \/> <a class=\"button small blue\" href=\"https:\/\/www.selcom.hr\/wpss\/?page_id=5\">Read more<\/a><\/p>\n","protected":false},"author":1,"featured_media":0,"parent":0,"menu_order":1,"comment_status":"closed","ping_status":"closed","template":"","meta":{"footnotes":""},"_links":{"self":[{"href":"https:\/\/www.selcom.hr\/wpss\/index.php?rest_route=\/wp\/v2\/pages\/5"}],"collection":[{"href":"https:\/\/www.selcom.hr\/wpss\/index.php?rest_route=\/wp\/v2\/pages"}],"about":[{"href":"https:\/\/www.selcom.hr\/wpss\/index.php?rest_route=\/wp\/v2\/types\/page"}],"author":[{"embeddable":true,"href":"https:\/\/www.selcom.hr\/wpss\/index.php?rest_route=\/wp\/v2\/users\/1"}],"replies":[{"embeddable":true,"href":"https:\/\/www.selcom.hr\/wpss\/index.php?rest_route=%2Fwp%2Fv2%2Fcomments&post=5"}],"version-history":[{"count":25,"href":"https:\/\/www.selcom.hr\/wpss\/index.php?rest_route=\/wp\/v2\/pages\/5\/revisions"}],"predecessor-version":[{"id":150,"href":"https:\/\/www.selcom.hr\/wpss\/index.php?rest_route=\/wp\/v2\/pages\/5\/revisions\/150"}],"wp:attachment":[{"href":"https:\/\/www.selcom.hr\/wpss\/index.php?rest_route=%2Fwp%2Fv2%2Fmedia&parent=5"}],"curies":[{"name":"wp","href":"https:\/\/api.w.org\/{rel}","templated":true}]}}