{"id":536,"date":"2021-03-03T18:20:46","date_gmt":"2021-03-03T16:20:46","guid":{"rendered":"http:\/\/www.selcom.hr\/wpss\/?page_id=536"},"modified":"2022-09-02T15:28:49","modified_gmt":"2022-09-02T13:28:49","slug":"najam-programa","status":"publish","type":"page","link":"https:\/\/www.selcom.hr\/wpss\/?page_id=536","title":{"rendered":"Najam programa OSKAR"},"content":{"rendered":"<figure class=\"wp-block-table\">\n<table>\n<tbody>\n<tr>\n<td>Broj mjeseci<\/td>\n<td align=\"center\">Iznos u kunama mjese\u010dno<\/td>\n<\/tr>\n<tr>\n<td>Jedan mjesec<\/td>\n<td align=\"center\">500,00 kn ~ 66,36 EUR<\/td>\n<\/tr>\n<tr>\n<td>Dva mjeseca<\/td>\n<td align=\"center\">400,00 kn ~ 53,09 EUR<\/td>\n<\/tr>\n<tr>\n<td>Tri do \u0161est mjeseci<\/td>\n<td align=\"center\">350,00 kn ~ 46,45 EUR<\/td>\n<\/tr>\n<tr>\n<td>\u0160est mjeseci do godinu dana<\/td>\n<td align=\"center\">300,00 kn ~ 39,82 EUR<\/td>\n<\/tr>\n<tr>\n<td>Godina dana i vi\u0161e<\/td>\n<td align=\"center\">250,00 kn ~ 33,18 EUR<\/td>\n<\/tr>\n<tr>\n<td>Najam preglednika podataka<\/td>\n<td align=\"center\">60,00 kn ~ 7,96 EUR<\/td>\n<\/tr>\n<\/tbody>\n<\/table>\n<\/figure>\n<p>Otkazni rok za prestanak kori\u0161tenja programa je 30 dana u pisanoj formi.<\/p>\n<p>Pla\u0107anje:<br \/>\n&#8211; do \u0161est mjeseci jednokratno<br \/>\n&#8211; \u0161est mjeseci do godinu dana 50% po potpisu ugovora, ostalo u mjese\u010dnim ratama.<\/p>\n<p>Sve cijene su za jedno ra\u010dunalo bez PDV-a uz ugovornu obavezu na vrijeme dogovoreno u ugovoru!<\/p>\n","protected":false},"excerpt":{"rendered":"<p>Broj mjeseci Iznos u kunama mjese\u010dno Jedan mjesec 500,00 kn ~ 66,36 EUR Dva mjeseca 400,00 kn ~ 53,09 EUR Tri do \u0161est mjeseci 350,00 kn ~ 46,45 EUR \u0160est mjeseci do godinu dana 300,00 kn ~ 39,82 EUR Godina dana i vi\u0161e 250,00 kn ~ 33,18 EUR Najam preglednika podataka 60,00 kn ~ 7,96&hellip; <br \/> <a class=\"button small blue\" href=\"https:\/\/www.selcom.hr\/wpss\/?page_id=536\">Read more<\/a><\/p>\n","protected":false},"author":1,"featured_media":0,"parent":5,"menu_order":5,"comment_status":"closed","ping_status":"closed","template":"","meta":{"footnotes":""},"_links":{"self":[{"href":"https:\/\/www.selcom.hr\/wpss\/index.php?rest_route=\/wp\/v2\/pages\/536"}],"collection":[{"href":"https:\/\/www.selcom.hr\/wpss\/index.php?rest_route=\/wp\/v2\/pages"}],"about":[{"href":"https:\/\/www.selcom.hr\/wpss\/index.php?rest_route=\/wp\/v2\/types\/page"}],"author":[{"embeddable":true,"href":"https:\/\/www.selcom.hr\/wpss\/index.php?rest_route=\/wp\/v2\/users\/1"}],"replies":[{"embeddable":true,"href":"https:\/\/www.selcom.hr\/wpss\/index.php?rest_route=%2Fwp%2Fv2%2Fcomments&post=536"}],"version-history":[{"count":12,"href":"https:\/\/www.selcom.hr\/wpss\/index.php?rest_route=\/wp\/v2\/pages\/536\/revisions"}],"predecessor-version":[{"id":597,"href":"https:\/\/www.selcom.hr\/wpss\/index.php?rest_route=\/wp\/v2\/pages\/536\/revisions\/597"}],"up":[{"embeddable":true,"href":"https:\/\/www.selcom.hr\/wpss\/index.php?rest_route=\/wp\/v2\/pages\/5"}],"wp:attachment":[{"href":"https:\/\/www.selcom.hr\/wpss\/index.php?rest_route=%2Fwp%2Fv2%2Fmedia&parent=536"}],"curies":[{"name":"wp","href":"https:\/\/api.w.org\/{rel}","templated":true}]}}